l + 5*l. Give k(4).
1
Let h = -7 - -12. Let g(v) = 9*v - 13. Let w(f) = 5*f - 7. Let l(t) = -4*g(t) + 7*w(t). Calculate l(h).
-2
Let h(o) be the third derivative of -o**4/24 + o**3/2 + o**2. Let l = 135 + -130. Calculate h(l).
-2
Suppose 3 + 7 = 5*v. Let x(f) = -2 + 3*f + v*f**2 - 5*f + 3 - f**2. Determine x(2).
1
Let k = -6 + 8. Let v(q) = -2*q**3 + 2*q - 2. Let u(y) = y**3 + y**2 - 2*y + 2. Let i(w) = -3*u(w) - 2*v(w). Calculate i(k).
-2
Let w(z) = 50 - 5*z + z - 47. Suppose 2*x = -5*s + 29, -4*s = -3*x - s - 9. Suppose x*i - 1 = 3. Calculate w(i).
-5
Let z(d) = -d**3 + 3*d**2 + 6*d - 6. Let w be z(4). Let m(c) = 5*c**2 - c**w - 2*c**2 - 2 + 1 + 2*c. Calculate m(-2).
3
Suppose 4*h = 5*h + 5. Let t = 9 + h. Let f(b) = b**2 - 4*b - 3. Give f(t).
-3
Let q(r) = 10*r + 2. Let w be q(1). Let h = w - 12. Let v(p) = p**2 + p - 2. What is v(h)?
-2
Let f be 7*(-5)/(-7)*(-4)/(-10). Let u(m) = -m**3 - 2*m**2 + 3*m - 2. What is u(f)?
-12
Let a(m) = -1 - 5 + 4 + m + 3. What is a(2)?
3
Let t(j) = -1. Let k(i) = -i**3 + 6*i**2 - 6*i + 11. Let r(l) = k(l) + 6*t(l). What is r(5)?
0
Let x(r) = -r**2 - 6*r - 3. Let p be x(-5). Let z(k) = -5 + 2 + 2*k + 0*k**p - k**2. Give z(3).
-6
Let u(w) be the second derivative of -w**5/20 - w**4/4 + w**3/6 + 2*w**2 + 7*w. Calculate u(-3).
1
Let w(z) = z**2 + 5*z + 2. Suppose 0 = -2*i - 3*i + 95. Suppose -4*p - 3 = -i. Suppose -26 = p*f - 5*m, -3*m = -3*f + 4*f - 2. What is w(f)?
-2
Let u(c) be the first derivative of -c**3/3 + 3*c**2/2 + 4*c + 4. Suppose -20 = -2*h + 5*r, -4*h - 3*r = -r - 16. Suppose -4*j - h = -17. Give u(j).
4
Suppose 56*r - 48*r = 24. Let t(k) = -3*k**2 - k - k + 2*k**2 + k**3. Determine t(r).
12
Let b(v) = -5*v**3 - 5*v**2 - v + 2. Let g(d) = 11*d**3 + 10*d**2 + d - 3. Let x(k) = 13*b(k) + 6*g(k). What is x(6)?
2
Suppose 2*j = 6*v - 3*v - 12, -1 = 4*v + 3*j. Suppose 0 - 12 = -3*h. Let z(r) = 6*r**v + 1 - 5*r**2 - h*r + 3*r - 2. Determine z(-1).
1
Let b(p) be the second derivative of 0 - 1/12*p**4 + 0*p**3 + 1/2*p**2 - 3*p. Calculate b(1).
0
Suppose 15 = 5*u - 5. Suppose 0 = 4*j - 2*s - 14, 2*j = -u*s - s + 25. Let l(g) = -g + 6 + 2 - j - g**2. What is l(3)?
-9
Let q(d) = -5*d**3 - d**2 - 7*d. Let w be (-10)/6*(-1 - -4). Let u(h) = -4*h**3 - h**2 - 6*h. Let t(s) = w*q(s) + 6*u(s). What is t(-1)?
-1
Let b = -6 + 10. Let y(h) = h - 2. Let m be y(5). Let q(n) = -n + n**m + 6*n - 5*n**2 + n - 2. Give q(b).
6
Let g(i) = -5*i**3 + 5*i**2 + 6*i - 5. Let s(o) = 11*o**3 - 10*o**2 - 13*o + 10. Let a(v) = 13*g(v) + 6*s(v). Determine a(-5).
-5
Let f(i) be the first derivative of -i**4/4 + 16*i**3/3 - 8*i**2 + 21*i + 29. Give f(15).
6
Let x(j) be the third derivative of -j**6/120 - j**5/60 + j**4/24 - j**3/6 + 3*j**2. Suppose 4*o - 8*o + 8 = 0. Suppose -4*b = -o*b. Give x(b).
-1
Suppose 0 = 5*l - 6 - 4. Let n be l + -2*2/(-4). Let s(a) = -2*a + 0 + a + 4*a**2 - 1 - a**n. Give s(3).
5
Let f = 3 + -7. Let t(h) = h - 1. Let y(k) = 3*k - 8. Let a(o) = -5*t(o) + y(o). Determine a(f).
5
Let k(f) = f**2 + 6*f + 4. Let y = 79 + -75. Let v(o) = o**3 - 4*o**2 + o + 1. Let h be v(4). Suppose 30 = -2*a - h*t, 4*a + y*t + 15 = -21. What is k(a)?
-1
Let y(w) = -w**2 - 5*w - 2. Let u = -11 - 34. Let o be (4/6)/((-6)/u). Suppose 0 = -k + o*k + 8. Calculate y(k).
4
Let l(j) = -7*j**3 + 7*j**2 - 6*j - 1. Let o(p) = p**3. Let k(f) = -l(f) - 6*o(f). Calculate k(6).
1
Let l(i) = i + 8. Let n be 1/(-2)*(-1)/((-1)/14). Determine l(n).
1
Let l(u) = u - 2. Let z = 11 - 6. Give l(z).
3
Let k(j) = -5*j**2 - 1. Let o = 8 + -11. Let l(y) = -2*y - 5. Let i be l(o). Give k(i).
-6
Let r(c) = -2*c. Let o = 9 - 1. Let j = -9 + o. What is r(j)?
2
Let n(t) be the second derivative of -t**3/2 + t**2 + 2*t. Let k = 7 - 5. Calculate n(k).
-4
Suppose -3*g = 2*g - 15. Let h = 2 + 0. Let d(a) = -h + 2*a - a + 2*a. Give d(g).
7
Let b be (-1)/(2/42) + 1. Let n = b - -17. Let g(s) = s**3 + 4*s**2 + 3*s. Determine g(n).
0
Let w(t) = 3*t**2 + 2*t - 1. Let z(p) be the first derivative of 2 - 2*p + 1/3*p**3 + 3/2*p**2. Let q be z(-3). Calculate w(q).
7
Let v = -7 - -5. Let d be 4*v/12*-3. Let j(h) = h**3 - 3 - d*h**3 - 4 - 3*h**2 + 4*h + 3. What is j(-4)?
-4
Let k be (2 - 2) + 2 - -1. Let j(h) = -k*h + 4*h**3 + 4*h**3 + 4*h - h**2. Suppose 2*c + 15 = 17. Calculate j(c).
8
Suppose -2*m = -3*m + 10. Suppose -4*n - m = -6*n. Let f(y) = y**3 - 5*y**2 - 1. What is f(n)?
-1
Let g(y) = 10*y - 2*y - 6*y. Give g(-6).
-12
Let p(u) = u**2 + u + 2. Let a be p(-1). Let r(j) = j**3 - 3*j**2 - j. What is r(a)?
-6
Let k(n) = 2*n - 1. Let v(b) be the first derivative of -b**2/2 - 1. Let l be 3/(2 - (-1)/(-1)). Let q(r) = l*v(r) + 2*k(r). Give q(-5).
-7
Let m(q) be the third derivative of -q**4/12 + q**3/3 - 4*q**2. What is m(5)?
-8
Suppose y = -0 + 2. Let n(v) = -y*v - 3*v + 5*v + v + 4. Determine n(0).
4
Let s = -10 + 20. Let p = 7 - s. Let i(f) = 4*f - 5. Let x(m) = -m - 1. Let c(o) = p*x(o) - i(o). Determine c(4).
4
Suppose 9*h - 6 = 12*h. Let p be 2 - (2 + 0 - h). Let x(a) = -3*a. What is x(p)?
6
Let i(h) = h**3 + 5*h**2 - h - 3. Suppose -11 = -m + 2*t, t = 2*m - 2*t - 18. Suppose m*g + 13 = -2. Determine i(g).
2
Let j = 21 + -25. Let o(y) = y**3 + 2*y**2 - 6*y - 2. Give o(j).
-10
Let h = 38 - 36. Let u(y) be the first derivative of -h - 3*y - 1/2*y**2. Calculate u(-3).
0
Suppose -6 = 3*k + 9. Let w(a) be the first derivative of a**4/4 + 2*a**3 + 5*a**2/2 + 4*a - 1. Calculate w(k).
4
Let m(r) = 4*r**3 + r**2 - 3*r - 1. Let y(s) = 3*s**3 + 2*s**2 - 2*s. Let a(z) = -2*m(z) + 3*y(z). Let x(k) = 4*k**3 - k**2 - k. Let p be x(-1). What is a(p)?
2
Let n(c) = -c - 1. Suppose -156 + 48 = -2*z. Let q be (-1)/((-2)/z*-3). Let o be (-12)/(-54) - (-38)/q. Calculate n(o).
3
Let j(c) = -3*c**2 - 1. Suppose 0 = 3*m + 1 + 2. Give j(m).
-4
Let w(o) = o**3 - 4*o**2 + o. Suppose -3*n = 2*k - 9, 4*n - 6 - 6 = 3*k. Give w(n).
-6
Let c(o) = 24*o + 5. Let q(g) = 8*g + 2. Let f(r) = 3*c(r) - 8*q(r). What is f(1)?
7
Let p(b) be the third derivative of -b**5/60 + b**4/3 + 7*b**3/6 - 10*b**2. Give p(9).
-2
Suppose -o = -5*t + 3 - 11, 10 = 3*o - t. Suppose 0 = 2*l + 5*f + 17, -3*l + 0*f = -f - 17. Let g(a) = -l*a + o*a + 2 - 2. Give g(-6).
6
Let l(j) = j**3 - 4*j + 3. Let k = 0 + -13. Let y = k - -15. Give l(y).
3
Let o(a) = -a**2 - 5*a - 3. Let p be 2*6*5/(-20). What is o(p)?
3
Let k(l) = l**3 + 7*l**2 + 6*l + 2. Let u be k(-6). Let i(z) = 2*z**3 - 3*z**3 + 0*z - 16 + z + z**2 + 14. What is i(u)?
-4
Let w(m) = -2 + 3*m - 4*m - 8*m**2 - 2*m**3 + 5*m**2. What is w(-2)?
4
Let d = 10 - 18. Let g = -10 - d. Let c(p) = p**2 + 3 - p + p**3 + 4*p - p. Give c(g).
-5
Let d = -7 - -10. Let f be ((-3)/(-5))/(d/15). Let x be ((-2)/f - 0)*3. Let a(o) = -o**3 - 2*o**2 - 2. Give a(x).
-2
Let d(f) = 3*f**2 + 8*f + 3. Let y(z) = -4*z**2 - 8*z - 2. Let c(j) = 3*d(j) + 2*y(j). Calculate c(-6).
-7
Let a(k) = -4*k + 96. Let g be a(25). Let l(z) = z + 9. Calculate l(g).
5
Let h be (-6)/14 - (-125)/(-35). Let a(u) = -u - 1. Calculate a(h).
3
Let w(x) be the third derivative of x**6/720 + x**5/24 - x**4/24 + 3*x**2. Let d(z) be the second derivative of w(z). What is d(-4)?
1
Let w be 1/(2 + 2/(-2)). Let s(m) = -5*m**2 + 5. Let g(h) = -1. Let t(u) = 5*g(u) + s(u). Let n be t(w). Let z(j) = j - 4. Give z(n).
-9
Let i(z) = -1 - 6 + 4 - 2 - 3*z. Determine i(5).
-20
Let a(p) = -11*p + 1. Let s(t) = 5*t. Let q(c) = 3*a(c) + 7*s(c). Give q(-6).
-9
Let o(d) = d**2 - 11 + 26 - 12 - 4*d. Calculate o(3).
0
Suppose -4*g - 12 = -5*g - 2*x, g - x = 0. Let f be (-4)/6 - 35/(-21). Let p(t) = g - f - 4 - 5*t. Calculate p(-2).
9
Suppose -4*i + 4*y = 20, -y - 12 = -4*i - 5*y. Let f(g) = -24*g - 1. Calculate f(i).
23
Let z(i) be the third derivative of -5*i**4/24 + i**3/2 - 8*i**2. What is z(3)?
-12
Suppose 5*r - 15 - 5 = 0. Let l be (-2)/4 - (-6)/r. Let t(y) = -l + 4*y**2 - 4 - y**3 + 2. Determine t(3).
6
Let m be (-15)/10 - 2/(-4). Let p(w) = -5*w - 2. Let x(s) = 2*s + 1. Let b(q) = -6*p(q) - 13*x(q). Determine b(m).
-5
Suppose 0*q = 5*q - 45. Let w = -13 + q. Let b(u) = -u - 1. Let t(k) = -k**2 - 9*k - 8. Let x(h) = -5*b(h) + t(h). Calculate x(w).
-3
Let q(v) = v**3 + 2. Let o(r) = -r**2 - 2*r + 1. Let k be o(-2). Suppose 3*p - 4*p - 4 = 0, 0 = -3*d + 5*p + 14. Let a be 1 + k + (d - 0). What is q(a)?
2
Let l(g) = 4*g + 3. Suppose -5*r = -1